{"id":202,"date":"2015-06-18T16:03:04","date_gmt":"2015-06-18T16:03:04","guid":{"rendered":"http:\/\/hakuna.com.ar\/projects\/coneau\/wordpress\/?page_id=202"},"modified":"2015-09-09T17:00:17","modified_gmt":"2015-09-09T20:00:17","slug":"informe-anual","status":"publish","type":"page","link":"https:\/\/jotape.com.ar\/?page_id=202","title":{"rendered":"Seguimiento"},"content":{"rendered":"<h3><span style=\"color: #3771b0;\"><strong>Seguimiento de las instituciones universitarias privadas con autorizaci\u00f3n provisoria<\/strong><\/span><\/h3>\n<h4><\/h4>\n<p>&nbsp;<\/p>\n<h4><strong>\u00bfEn qu\u00e9 consiste?<\/strong><\/h4>\n<p style=\"text-align: justify;\">La ley de Educaci\u00f3n Superior (LES), en el art\u00edculo 64\u00ba inciso a, establece que durante el per\u00edodo de funcionamiento con autorizaci\u00f3n provisoria de las instituciones universitarias, la labor de la CONEAU contin\u00faa en dos instancias: an\u00e1lisis de informes anuales y evaluaci\u00f3n de solicitudes de modificaci\u00f3n del proyecto institucional.<\/p>\n<hr \/>\n<h3><span style=\"color: #3771b0;\"><strong>Informes anuales<\/strong><\/span><\/h3>\n<h4><\/h4>\n<h4><strong>\u00bfQu\u00e9 es el Informe Anual?<\/strong><\/h4>\n<p style=\"text-align: justify;\">La CONEAU brinda indicaciones al Ministerio de Educaci\u00f3n para que realice un seguimiento de las instituciones universitarias privadas con autorizaci\u00f3n provisoria.<\/p>\n<p style=\"text-align: justify;\">El an\u00e1lisis de los informes anuales constituye una herramienta valiosa para la propia instituci\u00f3n universitaria, como referencia y acompa\u00f1amiento durante el tramo inicial de su desarrollo acad\u00e9mico e institucional.<\/p>\n<p style=\"text-align: justify;\">Por otro lado, el grado de ajuste de la instituci\u00f3n a su proyecto y plan de acci\u00f3n originales, como as\u00ed tambi\u00e9n el nivel de cumplimiento de las recomendaciones derivadas de su seguimiento, constituyen elementos cruciales al momento de analizar el reconocimiento definitivo de la instituci\u00f3n universitaria.<\/p>\n<h4><strong>\u00bfC\u00f3mo se realiza?<\/strong><\/h4>\n<p>El seguimiento se realiza mediante el an\u00e1lisis de los informes que las instituciones deben presentar anualmente y en los cuales debe reflejarse el grado de cumplimiento de los objetivos institucionales y acad\u00e9micos y de los planes de acci\u00f3n contenidos en la solicitud de autorizaci\u00f3n provisoria.<\/p>\n<hr \/>\n<h3><span style=\"color: #3771b0;\"><strong>Modificaci<\/strong><strong>ones al proyecto<\/strong><\/span><\/h3>\n<h4 style=\"text-align: justify;\"><strong>\u00bfQu\u00e9 es <\/strong><strong>una modificaci\u00f3n al proyecto?<\/strong><\/h4>\n<p style=\"text-align: justify;\">Toda modificaci\u00f3n al plan de acci\u00f3n original que realicen las instituciones universitarias con autorizaci\u00f3n provisoria (reformas de sus estatutos, creaci\u00f3n de nuevas carreras, grados o t\u00edtulos y cambios en los planes de estudio) debe ser autorizada\u00a0por el Ministerio de Educaci\u00f3n, previo informe favorable de la CONEAU.<\/p>\n<h4 style=\"text-align: justify;\"><strong>\u00bfC\u00f3mo se realiza?<\/strong><\/h4>\n<p style=\"text-align: justify;\">La calidad y pertinencia de las modificaciones propuestas han de ser analizadas desde dos perspectivas: su adecuaci\u00f3n al proyecto institucional original aprobado y la capacidad institucional para implementarla. Por tales razones, las modificaciones al proyecto institucional deben contener justificaciones detalladas y an\u00e1lisis de prefactibilidad y pertinencia.<\/p>\n<h3 style=\"text-align: justify;\"><\/h3>\n","protected":false},"excerpt":{"rendered":"<p>Seguimiento de las instituciones universitarias privadas con autorizaci\u00f3n provisoria &nbsp; \u00bfEn qu\u00e9 consiste? La ley de Educaci\u00f3n Superior (LES), en el art\u00edculo 64\u00ba inciso a, establece que durante el per\u00edodo &hellip; <a href=\"https:\/\/jotape.com.ar\/?page_id=202\" class=\"more-link\">Seguir leyendo <span class=\"screen-reader-text\">Seguimiento<\/span> <span class=\"meta-nav\">&rarr;<\/span><\/a><\/p>\n","protected":false},"author":2,"featured_media":1091,"parent":31,"menu_order":0,"comment_status":"open","ping_status":"closed","template":"template-proyectos-institucionales.php","meta":{"footnotes":""},"class_list":["post-202","page","type-page","status-publish","has-post-thumbnail","hentry"],"_links":{"self":[{"href":"https:\/\/jotape.com.ar\/index.php?rest_route=\/wp\/v2\/pages\/202","targetHints":{"allow":["GET"]}}],"collection":[{"href":"https:\/\/jotape.com.ar\/index.php?rest_route=\/wp\/v2\/pages"}],"about":[{"href":"https:\/\/jotape.com.ar\/index.php?rest_route=\/wp\/v2\/types\/page"}],"author":[{"embeddable":true,"href":"https:\/\/jotape.com.ar\/index.php?rest_route=\/wp\/v2\/users\/2"}],"replies":[{"embeddable":true,"href":"https:\/\/jotape.com.ar\/index.php?rest_route=%2Fwp%2Fv2%2Fcomments&post=202"}],"version-history":[{"count":11,"href":"https:\/\/jotape.com.ar\/index.php?rest_route=\/wp\/v2\/pages\/202\/revisions"}],"predecessor-version":[{"id":1249,"href":"https:\/\/jotape.com.ar\/index.php?rest_route=\/wp\/v2\/pages\/202\/revisions\/1249"}],"up":[{"embeddable":true,"href":"https:\/\/jotape.com.ar\/index.php?rest_route=\/wp\/v2\/pages\/31"}],"wp:featuredmedia":[{"embeddable":true,"href":"https:\/\/jotape.com.ar\/index.php?rest_route=\/wp\/v2\/media\/1091"}],"wp:attachment":[{"href":"https:\/\/jotape.com.ar\/index.php?rest_route=%2Fwp%2Fv2%2Fmedia&parent=202"}],"curies":[{"name":"wp","href":"https:\/\/api.w.org\/{rel}","templated":true}]}}